{"id":16,"date":"2020-10-13T14:05:18","date_gmt":"2020-10-13T12:05:18","guid":{"rendered":"https:\/\/genevievefranoux.com\/?page_id=16"},"modified":"2020-12-07T11:15:35","modified_gmt":"2020-12-07T10:15:35","slug":"a-propos","status":"publish","type":"page","link":"https:\/\/genevievefranoux.com\/index.php\/a-propos\/","title":{"rendered":"A propos"},"content":{"rendered":"\t\t<div data-elementor-type=\"wp-page\" data-elementor-id=\"16\" class=\"elementor elementor-16\">\n\t\t\t\t\t\t<div class=\"elementor-inner\">\n\t\t\t\t<div class=\"elementor-section-wrap\">\n\t\t\t\t\t\t\t\t\t<section class=\"elementor-section elementor-top-section elementor-element elementor-element-644bb0c elementor-section-boxed elementor-section-height-default elementor-section-height-default\" data-id=\"644bb0c\" data-element_type=\"section\">\n\t\t\t\t\t\t<div class=\"elementor-container elementor-column-gap-default\">\n\t\t\t\t\t\t\t<div class=\"elementor-row\">\n\t\t\t\t\t<div class=\"elementor-column elementor-col-50 elementor-top-column elementor-element elementor-element-3a7438b\" data-id=\"3a7438b\" data-element_type=\"column\">\n\t\t\t<div class=\"elementor-column-wrap elementor-element-populated\">\n\t\t\t\t\t\t\t<div class=\"elementor-widget-wrap\">\n\t\t\t\t\t\t<div class=\"elementor-element elementor-element-1aef0c7 elementor-invisible elementor-widget elementor-widget-image\" data-id=\"1aef0c7\" data-element_type=\"widget\" data-settings=\"{&quot;_animation&quot;:&quot;fadeIn&quot;}\" data-widget_type=\"image.default\">\n\t\t\t\t<div class=\"elementor-widget-container\">\n\t\t\t\t\t\t\t\t<div class=\"elementor-image\">\n\t\t\t\t\t\t\t\t\t\t\t\t<img loading=\"lazy\" decoding=\"async\" width=\"756\" height=\"1011\" src=\"https:\/\/genevievefranoux.com\/wp-content\/uploads\/2020\/11\/IMG_5448-edited-766x1024.jpg\" class=\"attachment-large size-large wp-image-71\" alt=\"Genevieve Franoux\" srcset=\"https:\/\/genevievefranoux.com\/wp-content\/uploads\/2020\/11\/IMG_5448-edited-766x1024.jpg 766w, https:\/\/genevievefranoux.com\/wp-content\/uploads\/2020\/11\/IMG_5448-edited-224x300.jpg 224w, https:\/\/genevievefranoux.com\/wp-content\/uploads\/2020\/11\/IMG_5448-edited-768x1027.jpg 768w, https:\/\/genevievefranoux.com\/wp-content\/uploads\/2020\/11\/IMG_5448-edited-1149x1536.jpg 1149w, https:\/\/genevievefranoux.com\/wp-content\/uploads\/2020\/11\/IMG_5448-edited-1531x2048.jpg 1531w, https:\/\/genevievefranoux.com\/wp-content\/uploads\/2020\/11\/IMG_5448-edited-scaled.jpg 1914w\" sizes=\"(max-width: 756px) 100vw, 756px\" \/>\t\t\t\t\t\t\t\t\t\t\t\t\t\t<\/div>\n\t\t\t\t\t\t<\/div>\n\t\t\t\t<\/div>\n\t\t\t\t\t\t<\/div>\n\t\t\t\t\t<\/div>\n\t\t<\/div>\n\t\t\t\t<div class=\"elementor-column elementor-col-50 elementor-top-column elementor-element elementor-element-db3c530\" data-id=\"db3c530\" data-element_type=\"column\">\n\t\t\t<div class=\"elementor-column-wrap elementor-element-populated\">\n\t\t\t\t\t\t\t<div class=\"elementor-widget-wrap\">\n\t\t\t\t\t\t<div class=\"elementor-element elementor-element-f9073a3 elementor-invisible elementor-widget elementor-widget-text-editor\" data-id=\"f9073a3\" data-element_type=\"widget\" data-settings=\"{&quot;_animation&quot;:&quot;fadeIn&quot;}\" data-widget_type=\"text-editor.default\">\n\t\t\t\t<div class=\"elementor-widget-container\">\n\t\t\t\t\t\t\t\t<div class=\"elementor-text-editor elementor-clearfix\">\n\t\t\t\t<p>\u00ab\u00a0Le dessin a toujours fait partie de ma vie, d\u00e8s que j&rsquo;ai eu l&rsquo;\u00e2ge de tenir un crayon.<\/p>\n<p><\/p>\n<p>Au lyc\u00e9e, j&rsquo;ai eu la chance d&rsquo;avoir un prof absolument g\u00e9nial, il m\u2019a fait d\u00e9couvrir et aimer la peinture \u00e0 l\u2019huile, il a guid\u00e9 ma main et depuis je ne me suis jamais arr\u00eat\u00e9e. Ecole des Bons Enfants \u00e0 Paris et Beaux Arts.<\/p>\n<p><\/p>\n<p>Ma vie professionnelle a pris elle un tournant compl\u00e8tement diff\u00e9rent, que j\u2019ai men\u00e9e aussi avec beaucoup de passion, la peinture restait mon jardin secret, mon havre de paix, les moments ou je me ressour\u00e7ais et ou je reprenais de l\u2019\u00e9nergie. Quelques expos sur Paris et puis maintenant, install\u00e9e dans mon atelier, je b\u00e9n\u00e9ficie de cette belle lumi\u00e8re proven\u00e7ale pour travailler.<\/p>\n<p><\/p>\n<p>Le temps n\u2019est plus un probl\u00e8me, seules les minutes devant le chevalet comptent.<\/p>\n<p><\/p>\n<p>Je travaille aussi bien le couteau que le pinceau, j\u2019aime les grands formats et surtout tout m\u2019inspire, les gens plus particuli\u00e8rement.<\/p>\n<p><\/p>\n<p>Je vous laisse d\u00e9couvrir mon univers haut en couleurs.\u00a0\u00bb<\/p>\n<p><\/p>\n<p>Genevi\u00e8ve FRANOUX .<\/p>\t\t\t\t\t<\/div>\n\t\t\t\t\t\t<\/div>\n\t\t\t\t<\/div>\n\t\t\t\t\t\t<\/div>\n\t\t\t\t\t<\/div>\n\t\t<\/div>\n\t\t\t\t\t\t\t\t<\/div>\n\t\t\t\t\t<\/div>\n\t\t<\/section>\n\t\t\t\t\t\t\t\t\t<\/div>\n\t\t\t<\/div>\n\t\t\t\t\t<\/div>\n\t\t","protected":false},"excerpt":{"rendered":"<p>\u00ab\u00a0Le dessin a toujours fait partie de ma vie, d\u00e8s que j&rsquo;ai eu l&rsquo;\u00e2ge de tenir un crayon. Au lyc\u00e9e, j&rsquo;ai eu la chance d&rsquo;avoir un prof absolument g\u00e9nial, il m\u2019a fait d\u00e9couvrir et aimer la peinture \u00e0 l\u2019huile, il a guid\u00e9 ma main et &hellip; <a href=\"https:\/\/genevievefranoux.com\/index.php\/a-propos\/\" class=\"more-link\"><span>Voir la suite<span class=\"screen-reader-text\">A propos<\/span><\/span><\/a><\/p>\n","protected":false},"author":1,"featured_media":0,"parent":0,"menu_order":0,"comment_status":"closed","ping_status":"closed","template":"","meta":{"footnotes":""},"_links":{"self":[{"href":"https:\/\/genevievefranoux.com\/index.php\/wp-json\/wp\/v2\/pages\/16"}],"collection":[{"href":"https:\/\/genevievefranoux.com\/index.php\/wp-json\/wp\/v2\/pages"}],"about":[{"href":"https:\/\/genevievefranoux.com\/index.php\/wp-json\/wp\/v2\/types\/page"}],"author":[{"embeddable":true,"href":"https:\/\/genevievefranoux.com\/index.php\/wp-json\/wp\/v2\/users\/1"}],"replies":[{"embeddable":true,"href":"https:\/\/genevievefranoux.com\/index.php\/wp-json\/wp\/v2\/comments?post=16"}],"version-history":[{"count":16,"href":"https:\/\/genevievefranoux.com\/index.php\/wp-json\/wp\/v2\/pages\/16\/revisions"}],"predecessor-version":[{"id":99,"href":"https:\/\/genevievefranoux.com\/index.php\/wp-json\/wp\/v2\/pages\/16\/revisions\/99"}],"wp:attachment":[{"href":"https:\/\/genevievefranoux.com\/index.php\/wp-json\/wp\/v2\/media?parent=16"}],"curies":[{"name":"wp","href":"https:\/\/api.w.org\/{rel}","templated":true}]}}